1213?
781
What is the remainder when 23706 is divided by 71?
63
Calculate the remainder when 1679 is divided by 296.
199
What is the remainder when 242398 is divided by 314?
304
What is the remainder when 28850 is divided by 9612?
14
What is the remainder when 8302582 is divided by 116?
114
Calculate the remainder when 38650 is divided by 1932.
10
Calculate the remainder when 502998 is divided by 2004.
1998
Calculate the remainder when 4057 is divided by 78.
1
Calculate the remainder when 1223 is divided by 92.
27
What is the remainder when 66878 is divided by 719?
11
Calculate the remainder when 639 is divided by 148.
47
Calculate the remainder when 60198 is divided by 15046.
14
Calculate the remainder when 154621 is divided by 107.
6
Calculate the remainder when 1637166 is divided by 463.
461
Calculate the remainder when 78 is divided by 42.
36
What is the remainder when 1448717 is divided by 160968?
5
What is the remainder when 374827 is divided by 319?
2
Calculate the remainder when 21122 is divided by 5278.
10
Calculate the remainder when 65068 is divided by 2957.
14
Calculate the remainder when 6146 is divided by 64.
2
What is the remainder when 42968 is divided by 139?
17
What is the remainder when 4654 is divided by 4654?
0
Calculate the remainder when 4873 is divided by 2430.
13
Calculate the remainder when 81008 is divided by 117.
44
Calculate the remainder when 7814 is divided by 236.
26
Calculate the remainder when 92845 is divided by 39.
25
What is the remainder when 9859 is divided by 2849?
1312
Calculate the remainder when 19122 is divided by 3135.
312
What is the remainder when 834 is divided by 283?
268
Calculate the remainder when 1316 is divided by 39.
29
Calculate the remainder when 4521 is divided by 265.
16
Calculate the remainder when 11016 is divided by 3255.
1251
What is the remainder when 63825 is divided by 1933?
36
Calculate the remainder when 56697 is divided by 9.
6
What is the remainder when 39766 is divided by 13172?
250
What is the remainder when 3403 is divided by 3009?
394
What is the remainder when 2764 is divided by 458?
16
What is the remainder when 52924 is divided by 52907?
17
What is the remainder when 30644 is divided by 15315?
14
What is the remainder when 5775 is divided by 340?
335
What is the remainder when 217079 is divided by 15?
14
What is the remainder when 1565 is divided by 964?
601
Calculate the remainder when 83346 is divided by 83329.
17
What is the remainder when 16266 is divided by 113?
107
Calculate the remainder when 6504 is divided by 1489.
548
Calculate the remainder when 870 is divided by 419.
32
Calculate the remainder when 1283399 is divided by 93.
92
Calculate the remainder when 12108 is divided by 605.
8
Calculate the remainder when 172424 is divided by 53.
15
Calculate the remainder when 35504 is divided by 17720.
64
Calculate the remainder when 21207 is divided by 10388.
431
Calculate the remainder when 15836 is divided by 68.
60
What is the remainder when 255089 is divided by 28?
9
What is the remainder when 155928 is divided by 1228?
1200
What is the remainder when 2141780 is divided by 37?
35
Calculate the remainder when 10038 is divided by 124.
118
Calculate the remainder when 476312 is divided by 202.
198
Calculate the remainder when 15555 is divided by 599.
580
What is the remainder when 20885 is divided by 6959?
8
What is the remainder when 177263 is divided by 24?
23
Calculate the remainder when 10471 is divided by 291.
286
Calculate the remainder when 427756 is divided by 421.
20
Calculate the remainder when 28578 is divided by 14288.
2
Calculate the remainder when 2189450 is divided by 11.
10
What is the remainder when 3188 is divided by 882?
542
Calculate the remainder when 1106306 is divided by 433.
424
What is the remainder when 38652 is divided by 65?
42
Calculate the remainder when 1016 is divided by 172.
156
What is the remainder when 2037 is divided by 1671?
366
Calculate the remainder when 187864 is divided by 244.
228
Calculate the remainder when 1050 is divided by 7.
0
Calculate the remainder when 7335 is divided by 136.
127
Calculate the remainder when 290114 is divided by 2901.
14
Calculate the remainder when 9668 is divided by 2909.
941
Calculate the remainder when 26324 is divided by 3289.
12
Calculate the remainder when 20719 is divided by 2067.
49
Calculate the remainder when 19919 is divided by 219.
209
What is the remainder when 22235 is divided by 11053?
129
What is the remainder when 365551 is divided by 20308?
7
What is the remainder when 1416 is divided by 421?
153
What is the remainder when 151504 is divided by 8?
0
What is the remainder when 2197 is divided by 960?
277
Calculate the remainder when 90414 is divided by 112.
30
What is the remainder when 16126 is divided by 1240?
6
Calculate the remainder when 5467 is divided by 421.
415
What is the remainder when 1539891 is divided by 1711?
1702
Calculate the remainder when 2209 is divided by 3.
1
Calculate the remainder when 896 is divided by 8.
0
What is the remainder when 1604 is divided by 28?
8
What is the remainder when 5765 is divided by 75?
65
What is the remainder when 1718 is divided by 704?
310
What is the remainder when 67063 is divided by 24?
7
What is the remainder when 3282 is divided by 109?
12
What is the remainder when 10740 is divided by 187?
81
Calculate the remainder when 2015 is divided by 833.
349
Calculate the remainder when 13293 is divided by 510.
33
Calculate the remainder when 2775 is divided by 200.
175
Calculate the remainder when 236694 is divided by 59.
45
What is the remainder when 59310 is divided by 5?
0
Calculate the remainder when 5693 is divided by 171.
50
What is the remainder when 25538 is divided by 2553?
8
What is the remainder when 31261 is divided by 10411?
28
What is the remainder when 1497 is divided by 88?
1
What is the remainder when 8888 is divided by 369?
32
What is the remainder when 122042 is divided by 6?
2
Calculate the remainder when 188 is divided by 20.
8
Calculate the remainder when 78940 is divided by 589.
14
What is the remainder when 807 is divided by 157?
22
Calculate the remainder when 3353 is divided by 470.
63
Calculate the remainder when 238402 is divided by 12.
10
What is the remainder when 36245 is divided by 18040?
165
Calculate the remainder when 62 is divided by 12.
2
What is the remainder when 3425 is divided by 844?
49
Calculate the remainder when 203258 is divided by 382.
34
What is the remainder when 1663 is divided by 37?
35
What is the remainder when 2054 is divided by 85?
14
What is the remainder when 5351 is divided by 92?
15
Calculate the remainder when 43243 is divided by 465.
463
What is the remainder when 117862 is divided by 18?
16
Calculate the remainder when 20339 is divided by 27.
8
Calculate the remainder when 42817 is divided by 158.
157
Calculate the remainder when 5129 is divided by 1590.
359
Calculate the remainder when 16817 is divided by 116.
113
Calculate the remainder when 2880 is divided by 615.
420
Calculate the remainder when 215479 is divided by 1710.
19
What is the remainder when 856 is divided by 34?
6
What is the remainder when 3880 is divided by 324?
316
What is the remainder when 12124 is divided by 135?
109
Calculate the remainder when 26703 is divided by 6646.
119
What is the remainder when 3512 is divided by 78?
2
Calculate the remainder when 8914 is divided by 14.
10
Calculate the remainder when 2023845 is divided by 50.
45
What is the remainder when 86172 is divided by 471?
450
Calculate the remainder when 12779 is divided by 22.
19
What is the remainder when 167564 is divided by 1537?
31
What is the remainder when 6088 is divided by 1834?
586
Calculate the remainder when 269798 is divided by 117.
113
What is the remainder when 316145 is divided by 53?
0
What is the remainder when 15161 is divided by 90?
41
What is the remainder when 10174 is divided by 376?
22
What is the remainder when 259228 is divided by 5184?
28
Calculate the remainder when 13021 is divided by 25.
21
Calculate the remainder when 3395 is divided by 9.
2
What is the remainder when 2083 is divided by 920?
243
Calculate the remainder when 47925 is divided by 287.
283
Calculate the remainder when 12764 is divided by